ose f = -4 - 0. What are the prime factors of (-2016)/(-90) + f/m?
2, 11
Suppose -2*q + 5940 = 2*p, -2*q + 181*p - 179*p + 5932 = 0. List the prime factors of q.
2, 7, 53
Let x(b) = -5 - 7*b - 11 + 2*b**2 + 4 - 1. Let o be (-2 - 1) + 6 + -6. What are the prime factors of x(o)?
2, 13
Let o(d) = -46*d + 10. Let h(i) = -i + 1. Let x(v) = 6*h(v) - o(v). Let n(z) = -60*z + 6. Let g(u) = -5*n(u) - 7*x(u). List the prime factors of g(2).
2, 19
Let r(i) = 5*i + 190. What are the prime factors of r(45)?
5, 83
Let a = 16 + -16. Let g be (a - 2)*204/(-8). Suppose 0 = -5*r + 2*t + 167, -2*r + g = 3*t - 12. List the prime factors of r.
3, 11
Let w be ((-3)/(-9))/((-3)/9) - 2. List the prime factors of (-3 - (w - (2 - 0))) + 335.
337
Suppose -38*l - 2068 = -34*l. Let i = -322 - l. What are the prime factors of i?
3, 5, 13
Suppose 2*d - 1 = -2*m + 19, -5*m = -3*d + 62. Suppose -6 - d = 3*p - s, -2*p + 2*s - 8 = 0. What are the prime factors of ((-21)/(-2))/((-6)/p)?
2, 7
What are the prime factors of (2 - 13/(-2))*14?
7, 17
Suppose 11*j + 7398 = 4*y + 14*j, 3*y + j = 5546. What are the prime factors of y?
2, 3, 7, 11
Let r = 798 + -170. What are the prime factors of r?
2, 157
Let v be (-17)/((-1)/1)*-1. Let p be (-8)/6*(828/(-8))/3. Let d = p + v. List the prime factors of d.
29
Let b be (-4 - 15)*4 + -3. Let j = -39 - b. What are the prime factors of j?
2, 5
Let n(w) = -163*w**3 + 7*w**2 + 5*w. List the prime factors of n(-1).
3, 5, 11
Let h = -49 - -55. Let k(r) = 2*r. List the prime factors of k(h).
2, 3
Let h be (7 - (-16)/(-4)) + 2. Suppose 0*d - d = h*k - 98, 370 = 5*d - 5*k. Suppose -b + d = 6. List the prime factors of b.
2, 3
Let o = -9049 - -13870. List the prime factors of o.
3, 1607
What are the prime factors of (1 - 0)*(-6 + 6) + 387?
3, 43
List the prime factors of (-4)/24 + (-110)/(-12).
3
Let d = 3005 - 1830. What are the prime factors of d?
5, 47
Let q(b) be the first derivative of b**3/3 + 6*b**2 + 12*b - 1. Let j be q(10). What are the prime factors of (j/(-24))/(2/(-6))?
29
Let b = 1410 + 976. List the prime factors of b.
2, 1193
Suppose -3*q + 8610 = 3*b, -5*q - 45*b = -41*b - 14351. List the prime factors of q.
3, 11, 29
Suppose -8*p = -6*p + 528. What are the prime factors of 4/(-14) + p/(-42)?
2, 3
What are the prime factors of 3610 + 11 + -11 + 10?
2, 5, 181
Let k(p) = p**3 + p**2 - p + 1. Let l be k(1). Let t(r) = -r**2 + 3*r - 1. Let n be t(l). List the prime factors of 21 - n*(0 + 2).
19
Let s = -595 + 866. What are the prime factors of s?
271
Suppose 10*q = 14*q. Suppose q = -2*h + 4*i + 416, 5*h - 4*i = 10*h - 1110. List the prime factors of h.
2, 109
List the prime factors of (58/4)/((-14)/(-28))*71.
29, 71
Let c = 123 + 303. What are the prime factors of c?
2, 3, 71
Suppose 0 = -2*q + 3*q - 3. Suppose -j - 90 = -q*y, 3*y = 2*j + 112 - 25. Suppose v - 3*v = i - y, -2*v - 2*i + 26 = 0. List the prime factors of v.
2, 3
Let i(s) = -s**2 - s - 11. Let x = -4 - -4. Let q be i(x). List the prime factors of (4 + q/2)*-16.
2, 3
Suppose 0 = -33*t + 43054 + 9515. What are the prime factors of t?
3, 59
Let n = 140 + -53. Let t = n - -32. Suppose 4*g - 145 = t. What are the prime factors of g?
2, 3, 11
Let h(o) = 53*o**2 + 12*o - 21. What are the prime factors of h(2)?
5, 43
Let i = -1930 - -4058. List the prime factors of i.
2, 7, 19
Let y = 24 + 66. What are the prime factors of y?
2, 3, 5
Suppose -81 = -3*i + 261. Suppose -5*c = 2*b - 21, 3*c = -6 + 15. Suppose -b*g = -0*g - i. List the prime factors of g.
2, 19
Suppose -187 = 5*m - 7. Suppose -1 - 84 = 5*k. Let i = k - m. What are the prime factors of i?
19
Suppose -742 = -5*x - 2*z - 122, -2*x + 272 = -4*z. Suppose w = 3*w - x. List the prime factors of w.
3, 7
Let p(x) = 7*x**3 + 35*x**2 - 31*x - 24. Let f(d) = 4*d**3 + 17*d**2 - 15*d - 12. Let v(c) = 5*f(c) - 3*p(c). List the prime factors of v(-21).
3, 5
Let o(q) = 70*q**2 - 94*q + 727. List the prime factors of o(7).
3499
What are the prime factors of 1111 + -5 + (-3 - -4)?
3, 41
Suppose 5*j - 3*w = -1, j + w + 1 = 4*j. Let v = j + -36. Let c = -6 - v. List the prime factors of c.
29
Suppose -144*m - 4782 = -150*m. What are the prime factors of m?
797
Let z(k) = 2*k**2 + 2. Let f be z(-2). Suppose -f*w + 2412 = 8*w. List the prime factors of w.
2, 67
Suppose -4*c - 4*l = -1040, 4*c - 1012 = 13*l - 10*l. What are the prime factors of c?
2
Suppose -6690 - 5726 = -32*u. What are the prime factors of u?
2, 97
Suppose -74*k + 262774 = -0*k. What are the prime factors of k?
53, 67
Let n(j) = -j**2 + j + 2. Let m be n(-1). Suppose -b - 4*v = 3*b + 4, 3 = 3*v. List the prime factors of m/(-3) + (b - -21).
19
Let v = 2306 + -1485. What are the prime factors of v?
821
What are the prime factors of (2 + 34/(-8))/(17/(-1904))?
2, 3, 7
Suppose 150 = -t - t + h, 72 = -t - h. Let v = 113 + t. List the prime factors of v.
3, 13
Suppose 4*o - 3*c - 324 = 0, 3*o - 243 = 4*c - 2*c. Let p = o + 6. Suppose -19 + p = 2*k. List the prime factors of k.
2, 17
Let h be ((-304)/(-38))/(-2 - (-128)/65). Suppose -19 = -3*p + 5*v, -4*p - 2*v + 7 = -1. List the prime factors of h/(-6) - (-2)/p.
2, 11
Let p(r) = 42*r - 46. Let z(n) = 8*n - 9. Let k(j) = 4*p(j) - 22*z(j). List the prime factors of k(-16).
2, 71
Let d(a) be the second derivative of -a**4/3 - 5*a**3/6 + 3*a**2 + 2*a. Let w be d(3). What are the prime factors of 30/w*1*-3?
2
Let n(i) = 12*i. Let o(z) = 11*z - 1. Let c(j) = -2*n(j) + 3*o(j). List the prime factors of c(3).
2, 3
Suppose 4*d = 2*c - 8, 4*c + 16 - 47 = 3*d. List the prime factors of (-2)/(-9) - (-3702)/108*c.
7
Suppose -2*c = 3*c - 115. Let i = 13 - c. List the prime factors of (-5)/i - 71/(-2).
2, 3
Let i = 7 + -24. Let j(p) = -p**3 - 18*p**2 - 23*p - 15. What are the prime factors of j(i)?
3, 29
Let s be (248/(-6))/((-4)/36*3). List the prime factors of (-6)/(-3) + s*3/6.
2
Let a be (-4)/10 + (-624)/65. Let z = -10 - a. Suppose 5*u + n - 16 = z, -7*n = 3*u - 2*n + 8. What are the prime factors of u?
2
Suppose 5*l = 3*b - 7654, 4*b - 10162 = -2*l - 0*l. List the prime factors of b.
2543
Suppose 2*p = 31*p - 6380. List the prime factors of p.
2, 5, 11
Let d = 1 - 3. Let j be (-1)/((-1)/(d + 0)). What are the prime factors of 2*j/(-8)*6?
3
Suppose 158*v + 21 = 161*v. Let g(c) = c + c**2 + 2*c + 6 - c. What are the prime factors of g(v)?
3, 23
Suppose 15*u - 4 = 13*u. Suppose u*t = 5*t. Suppose -s + 0*s + 49 = t. List the prime factors of s.
7
Suppose 2*y + 5183 = 4*a - 6389, 3*a - 5*y - 8665 = 0. List the prime factors of a.
3, 5, 193
Let h = -122 + 211. Suppose 2*k - 313 - h = 0. What are the prime factors of k?
3, 67
Let l(x) = x**3 - x + 1302. Let o be l(0). Suppose 4*a - 4*q - o = -6*q, q = -3*a + 979. List the prime factors of a/12*(-3)/(-2).
41
Let b be (2 - 1)/4 - (-1805)/(-20). Let a = b + 108. What are the prime factors of a?
2, 3
Suppose 0 = 4*h, -125*h + 4500 = 3*v - 121*h. List the prime factors of v.
2, 3, 5
Let f be 27/(-36) + 3/4. Suppose 2*n - 8 = f, -5*x + 21 + 2 = -3*n. Suppose -2*o = -51 + x. What are the prime factors of o?
2, 11
Suppose -41*f - 1368 = -49*f. What are the prime factors of f?
3, 19
Let o(y) = -2*y - 11 - 12*y**2 + 18 - 3. Let w be o(2). Let i = -20 - w. What are the prime factors of i?
2, 7
Suppose 4*j - 5*i = -0*j - 12, 3*i = 0. List the prime factors of -19*(j - -3 - 1).
19
Suppose -6*g + 234 = -5*g. Suppose -2*v = 3*h - 702, 0 = 4*h - 5*h - 5*v + g. What are the prime factors of h?
2, 3, 13
Let q(m) = -2*m**3 - 6*m**2 - 7*m + 6. Let d be q(-7). What are the prime factors of -1 - -2*(d/6 - 4)?
2, 5, 7
Let m(p) be the third derivative of 7*p**4/24 - 5*p**3/6 + 5*p**2. What are the prime factors of m(8)?
3, 17
Let t(l) = 1822*l**2 - 18*l - 2. List the prime factors of t(-1).
2, 919
Let g(s) = -s + 6. Suppose -2*f = 5*o - 3, 4*f + 6*o - 11 = o. Let i be g(f). Suppose 0 = -i*l - 9 + 29. List the prime factors of l.
2, 5
Suppose -11*g + 12 = -7*g. Suppose -5*o = -10, 3*w + g*o - 6 = -2*w. Suppose w = 3*a - 2*f + 3*f - 73, -a + 25 = f. List the prime factors of a.
2, 3
Suppose -2*u = 5*w - 94, -4*w = -4*u - 4 - 88. Let z be w/(-3)*42/(-5). What are the prime factors of 2104/z - 6/(-14)?
2, 19
Suppose 4*v + 154 = -246. Let c be ((-12)/(-10))/((-30)/v). Suppose c*l - 50 = -l. What are the prime factors